and 171.
19
Let r = 9 + -4. Let a be 1/(3/6*-2). Let x be a/(-8)*10*28. Calculate the highest common divisor of x and r.
5
Suppose -155 + 3 = x. Let k = -75 - x. Suppose k = w - 0*w. What is the highest common factor of 7 and w?
7
Let l be 2/(((-4)/(-9))/2). Let c be (-99)/6*8/6. Let j = c - -31. What is the highest common divisor of l and j?
9
Suppose -4*z - 64 + 388 = 0. Calculate the greatest common divisor of 9 and z.
9
Let i(g) = -13*g - 4. Let n be i(-3). Calculate the highest common factor of n and 5.
5
Let l = 6 + -9. Let n = l - -13. What is the highest common factor of n and 2?
2
Suppose 6*o - 16 = 2*o. Suppose 2 = 5*p + 4*g - 8, -4*p + o*g + 44 = 0. Suppose 0 = s - p*s + 150. What is the highest common factor of s and 3?
3
Suppose -140 - 415 = -15*u. Calculate the highest common factor of 296 and u.
37
Suppose -2*d - 166 = -5*d - 2*p, -276 = -5*d - 3*p. Calculate the highest common factor of 18 and d.
18
Let p = 7 - 3. Let s(n) = -n**2 + 9*n - 5. Let h be s(p). Calculate the greatest common factor of h and 5.
5
Suppose -20 = -5*l - 5*g, 2*l + 3*g - 6 = 5. Suppose 0 = 2*b - 23 - l. What is the greatest common divisor of b and 132?
12
Suppose -f + 32 - 199 = 4*w, -4*w = 3*f + 165. Let n = w + 82. What is the greatest common factor of n and 20?
20
Let n be (-3)/((-2)/2) - 1. Let z be (-15)/6*(-4)/5. Suppose -3*a + 5 = -4*u, z*u - 5*a = -0*a - 13. What is the greatest common divisor of n and u?
1
Let p = 92 - 42. Suppose -3*o = -2*o. Let n be o - -1 - (-10 + 1). What is the highest common factor of p and n?
10
Suppose 143 = 14*g - 109. Calculate the greatest common factor of 162 and g.
18
Let r(v) = -16*v**3 - 2*v**2 - 2*v. Let u be r(-1). Calculate the highest common divisor of 4 and u.
4
Let c be ((-12)/10)/(1/(-5)). Let k be 0 + 1 - (-47 + -6). Calculate the highest common factor of c and k.
6
Suppose 3*d - 3*f - 54 = 0, 4*d - f + 4*f - 72 = 0. Calculate the highest common factor of d and 45.
9
Let n be 2/5 - (-1076)/10. What is the greatest common factor of 9 and n?
9
Let d be 0 - 2 - (13 - 15) - -20. Let u(g) = 2*g - 7. Let k be u(6). Suppose 0 = -k*h + 3*h + 360. What is the greatest common divisor of h and d?
20
Let b(m) = 2*m**2 + 6*m - 3. Let x(c) = -5*c**3 + c + 1. Let s be x(-1). Let u be b(s). What is the highest common divisor of u and 7?
7
Suppose -650 = -3*l - 10*l. Calculate the greatest common divisor of 25 and l.
25
Suppose 3*z - 2*m - 13 = 1, -5*z = -5*m - 30. Suppose 3*j + 2 = -5*o, -3*o + 1 = 3*j - 5. What is the highest common factor of z and j?
2
Suppose 2*q = -2*f + 68, 2*q + 3*q + 70 = 3*f. Let b be 2/(-5) + 486/15. Let h = 52 - b. Calculate the greatest common factor of h and f.
10
Let n(a) = -14*a - 4. Let r be n(-6). Let f = -37 + r. Suppose 8 = -m + f. Calculate the greatest common factor of m and 7.
7
Suppose 4*p = 8*p - 24. Let r be 12/16*24/1. What is the highest common factor of p and r?
6
Let s = -2 - -2. Let h = 36 - s. Calculate the highest common factor of 24 and h.
12
Let t be ((-237)/12 + -4)*-4. Calculate the highest common factor of t and 38.
19
Let o = 49 - 98. Let z be 114/7 - (-14)/o. Let y(n) = -28*n - 4. Let k be y(-3). Calculate the greatest common divisor of k and z.
16
Let n(v) = -2*v + 6. Let s be n(4). Let j be (3 - s)*(-4)/(-5). What is the greatest common factor of 32 and j?
4
Let x(l) = l**3 - 12*l**2 - 11*l + 7. Let s be x(13). Calculate the highest common divisor of s and 3.
3
Let y(n) = n**3 + 2*n**2. Let c(m) = m**3. Let v(q) = c(q) + y(q). Let t be v(3). Calculate the highest common divisor of 8 and t.
8
Let u be (4 + -5 - -2) + (0 - -41). What is the highest common factor of 14 and u?
14
Suppose -3*i + 48 = -0*i + 3*j, -2*i - 5*j = -38. Suppose 0*d - i = -d. Calculate the greatest common factor of 21 and d.
7
Let j = 148 - -50. Let q be j/3*(-4)/(-3). Calculate the highest common divisor of q and 11.
11
Suppose b - 32 = -b. Let i(k) = 44*k - 1. Let a be i(-5). Let t = a - -333. What is the highest common factor of t and b?
16
Suppose -6 + 4 = -a. Calculate the highest common divisor of 2 and a.
2
Let u = -35 + 53. Let r(b) = b**3 - 8*b**2 + 7*b + 2. Let y be r(7). Suppose 0 = y*i - 34 - 56. What is the highest common divisor of u and i?
9
Suppose -4*d + 81 = -d. Suppose p + 2*p - d = 0. What is the greatest common factor of p and 9?
9
Let j = -10 + 16. Let r be (j/(-4))/((-6)/64). Suppose 10*g - 320 = 2*g. Calculate the greatest common divisor of g and r.
8
Suppose -3*b - 4*k = -844, -b = 3*k - 146 - 127. What is the greatest common factor of b and 36?
36
Let p = -54 - -91. What is the highest common divisor of 74 and p?
37
Suppose 3*h + 5*v - 260 = 0, 2 = -2*v - 8. Let q = 4 + -1. Suppose 0*p - q*a - 45 = -3*p, 2*p - a - 34 = 0. What is the highest common divisor of p and h?
19
Let g be 27/(-18)*(0 - -2). Let t be ((-7)/(-1))/(g/(-24)). What is the greatest common divisor of 7 and t?
7
Suppose 2*m = 3*m - 80. Suppose 7*u - m = 5*u. What is the highest common factor of 16 and u?
8
Let o be 30/1*18/36. What is the highest common factor of 15 and o?
15
Suppose 32*l - 35*l = -297. Calculate the highest common divisor of l and 11.
11
Let o be (-1)/(-2 - 1/(-1)). Let n(c) = 4 + 9 + c - 2. Let w be n(-5). Calculate the highest common factor of w and o.
1
Let l(h) = h**2 - 14*h - 6. Let u be l(17). Suppose -i + 2*i - 4*c - u = 0, 4*i - 5*c - 147 = 0. Calculate the greatest common factor of i and 22.
11
Suppose 0 = 36*g - 34*g - 198. Let h(z) = 10*z**2 + 2*z - 1. Let p be h(1). What is the greatest common divisor of g and p?
11
Let i be (-17 - 1)/(0 + -2). Suppose -4*u + 11 = p, 3*p - p = -3*u + 42. What is the highest common factor of i and p?
9
Let q be ((-10)/3)/((-4)/18). What is the greatest common factor of 9 and q?
3
Let q = -32 - -57. Suppose q = w - 0*w. Let l = 40 - w. Calculate the greatest common divisor of l and 15.
15
Suppose -3*z - 5 = -35. What is the greatest common factor of 170 and z?
10
Let p(a) = -a**2 + 11*a - 10. Let b be p(10). Suppose 0 = -y - 4*y. Suppose y = 5*i - 15, b = -s - 5*i + 6 + 45. What is the highest common divisor of 54 and s?
18
Let q be (-14)/(-2*(-1)/(-2)). Suppose -9 = -b - 4*c + 8, 3*b - 2*c - 65 = 0. Let d = -7 + b. Calculate the highest common factor of q and d.
14
Let j = -14 + 24. What is the greatest common divisor of 10 and j?
10
Let p be -1*42/(-15)*20. Let t = 17 - 10. What is the highest common divisor of p and t?
7
Let n be (4/(-3))/((-2)/30). Let f(p) be the second derivative of -p**3/6 + 15*p**2 - 2*p. Let q be f(0). Calculate the greatest common divisor of n and q.
10
Let m be -3*(-2)/3*-12. Suppose g + 107 - 28 = 2*t, 2*g = -3*t + 101. Let d = t + m. What is the greatest common divisor of d and 39?
13
Let a(s) = -15*s - 2. Let d be a(-6). Calculate the highest common factor of d and 11.
11
Suppose -753 = -7*b + 556. What is the highest common factor of b and 17?
17
Let d = -16 + 28. What is the highest common factor of 3 and d?
3
Let a(f) = 3*f**2 + 2*f - 4. Let h be a(2). What is the highest common factor of h and 60?
12
Let b(i) = -i**3 - 3 + 5*i**2 - 3 + 11*i - 2*i. Let z be b(6). Suppose -27 + 75 = 4*f. What is the greatest common factor of f and z?
12
Suppose 5*b + 15 + 20 = 0. Let w be 34/4 + b/14. Suppose -20 - 12 = -g. Calculate the highest common factor of w and g.
8
Suppose -16 = 2*c + 2*u + 4, u = 2*c + 5. Let k(v) = 2 - 6*v - 2*v**3 - 6*v**2 + v**3 + 0. Let o be k(c). Calculate the highest common divisor of o and 35.
7
Suppose -18 = -10*v + 7*v. What is the highest common divisor of 45 and v?
3
Let c(s) be the third derivative of -s**6/120 + s**5/5 - s**4/3 + 2*s**3 - 3*s**2. Let w be c(10). Calculate the highest common factor of w and 12.
12
Let j = 3 + 6. Let x(r) = r**2 + r - 3. Let t be x(10). Let u = t - 35. Calculate the greatest common factor of u and j.
9
Let j(s) = 36*s. Let t be (6 + -7)*(-3 - -1). Let l be j(t). Calculate the highest common divisor of 9 and l.
9
Suppose 2*k = 5*m - 40, -3*m + 4*k + 30 = 2*m. Let p = 3 + 2. What is the highest common factor of m and p?
5
Let q(s) = -s - 5. Let f = -2 + -4. Let n be q(f). What is the greatest common divisor of 9 and n?
1
Let s = 57 + -27. Calculate the greatest common divisor of s and 15.
15
Let k be 4 - 6/2 - -29. What is the highest common divisor of 2